+ 11. Let d(g) = -4*g**3 + 2*g**2 + 8*g + 7. Let l be d(-1). Let v be 2*1 - (l - 10)*1. Calculate n(v).
4
Let n(v) be the first derivative of -1/2*v**2 + 71 - 4*v. Let j be -2*3/6*-3. Calculate n(j).
-7
Let z(p) be the second derivative of -p**5/20 + p**4/4 + 95*p. Give z(4).
-16
Let a be 25 - (0 - (4 - 4)). Suppose 0 = 2*c - a + 9. Let l(s) = s**2 - 6*s - 9. Determine l(c).
7
Let q(p) = -5*p - 3. Let v = 1947 - 1946. What is q(v)?
-8
Let y be (-12)/5*310/93. Let v(u) = u**3 + 9*u**2 + 5*u + 5. What is v(y)?
29
Let x(s) = -4 + 4 - 41*s. Let r be (-19)/228 - (-13 + 2004/144). What is x(r)?
41
Suppose 73*m + 1 = 1. Let d(k) = -k**3 + k**2 + k + 14. What is d(m)?
14
Let g(o) = 6*o - 96. Let w be g(17). Let n be 1*(-20)/w*(-270)/(-225). Let b(v) = 2*v**2 + 3*v. Calculate b(n).
20
Let q(c) = -45*c + 231. Let u be ((-353)/706)/((-2)/20). What is q(u)?
6
Let g(p) = p**2 + 7*p - 1. Let d(z) = 30*z**3 - 6*z**3 - 2 - 8*z**3 + z - 15*z**3 + 5*z**2. Let f be d(-5). What is g(f)?
-1
Let g(q) = -2*q**3 + q**2 + q. Suppose 2*u + 4*z = -26, -3*z + 6*z + 12 = u. Let n(k) = 5*k**3 - 7*k**2 - 6*k - 4. Let b(j) = u*g(j) - n(j). Give b(-3).
4
Let w(g) = -2*g - 4. Let y be w(-5). Suppose 0 = -4*q - 2*s + 4 + 2, 4*q - 13 = 5*s. Let r(c) = -619*c**2 - 9 + 5*c + q*c + 618*c**2. What is r(y)?
-3
Let a(q) = -q - 1. Let u = -90 - -86. Let v be (6/u)/(15/(-50)). Give a(v).
-6
Let r(x) = -2*x**2 + 5*x - 2. Let n(j) = 27*j + 15. Let y(o) = -7*o - 4. Let b(z) = 5*n(z) + 21*y(z). Let s be b(-1). Determine r(s).
-5
Let k(s) = 2*s**2 + 80*s + 2. Let b(v) = -3*v**2 - 134*v - 3. Let m(y) = -3*b(y) - 5*k(y). Suppose -5 = -2*c + 1. Determine m(c).
-4
Let w(f) = 9*f + 9. Suppose -24*p - 246 = -12*p + 29*p. Determine w(p).
-45
Let i be (-200)/(-120)*-9*4/(-10). Let x(y) be the first derivative of -y**2/2 + 12*y + 39. What is x(i)?
6
Let k(i) = i**3 - 2*i**2 + 10*i - 11. Let d be k(2). Let w(o) = -d + 24 + 0*o + 3*o - 6. What is w(-8)?
-15
Let t(u) be the first derivative of 1/3*u**3 + 8*u - 11/2*u**2 - 58. What is t(9)?
-10
Suppose -14725 = 34*t - 13909. Let l(n) = -n**2 - 23*n + 64. Give l(t).
40
Let p(n) be the third derivative of n**8/6720 + n**7/504 + n**6/720 + n**5/60 - 23*n**4/24 + 8*n**2. Let h(f) be the second derivative of p(f). Determine h(-5).
-3
Let f(g) be the second derivative of 5/3*g**3 + 1/12*g**4 + 60*g + 0 - 13/2*g**2. Give f(-11).
-2
Let j(p) = 9626*p - 6 - p**3 - 9626*p + 6*p**2. Let l(c) = -41*c**2 + 2*c - 1. Let r be l(1). Let f = -34 - r. Calculate j(f).
-6
Let a(f) = f - 6. Let x(b) = 20 + 14*b**2 + 11*b + 0*b - 15*b**2. Let o be x(13). Calculate a(o).
-12
Let q(u) = -221*u**2 - 78 + 48*u + 219*u**2 + 92. Give q(25).
-36
Let k(p) = -p**3 + 6*p**2 - 4*p - 3. Let w(u) = -66*u - 4. Let f be w(2). Let j = f + 139. Suppose 0 = 6*m + j*m - 45. Calculate k(m).
2
Let u = -111 - -116. Let t(b) = -4*b + 22. Let x be t(u). Let y(o) = -131*o - 3 + x + 118*o. Determine y(2).
-27
Let s be (-3)/(6/4) - -4. Let l(k) = -4 - 3*k**s + 6*k + 2*k**2 + 0. Let n = -206922 + 206925. Calculate l(n).
5
Let u(t) = -4*t**2 + 5*t - 260. Let z(m) = 9*m**2 - 11*m + 562. Let l(v) = -13*u(v) - 6*z(v). What is l(-3)?
-13
Let v(l) = -6*l + 11309*l**3 + 11304*l**3 + 11301*l**3 - 33913*l**3 - 4*l**2 - 5 + l. Determine v(6).
37
Let m(j) be the first derivative of -3*j**2/2 + 3968. Let r(o) = 6*o - 1. Let f be r(1). Suppose -3*g - 5*t = -t - 9, 5*g - 10 = -f*t. What is m(g)?
3
Let z(m) = -18*m**2 - 62*m + 91. Let f(l) = 23*l**2 + 83*l - 124. Let x(s) = 7*f(s) + 9*z(s). Calculate x(2).
-7
Let f be 290/3 - 14/21. Let p = f + -98. Let z(j) = 2*j. Calculate z(p).
-4
Let v(z) = -z - 17. Let w = -7 - -10. Suppose -2*y + 63 = 59. Let d be 0*(-2 + (w - y)). Give v(d).
-17
Let q(h) = -h**3 - h**2 - 5*h - 6. Let u(x) = -5*x**3 - 13*x**2 - 63*x - 16. Let p(j) = -6*q(j) + u(j). Give p(10).
-10
Let f(l) = l**3 + 7*l**2 + 3*l + 15. Let y be (-1)/(-4)*4*-16 - -9. Give f(y).
-6
Suppose 7*q = -7*q + 84. Let o(a) = a**2 - 8*a - 5 + q*a - 7*a. What is o(9)?
-5
Let y(a) = -13*a + 1. Let f(m) = -m**3 - 10*m**2 + 4*m**3 - 3*m + 13*m**2 + 2. Let z be f(1). Suppose d = -d + g + 1, z*d + 4*g = 9. Give y(d).
-12
Let a(k) be the first derivative of 5*k**2 + 6*k + 56 + 1/4*k**4 - 11/3*k**3. What is a(10)?
6
Let z(g) = 19*g + 13. Suppose h = 5*r - 39, -35 = 5*h + 2*r - 56. What is z(h)?
32
Suppose 2*s = 5*o + 15, -3*s = -10*o + 6*o - 19. Let u(h) = h**3 - 6*h**2 + 3*h**2 + 2*h**2 + 2*h + 5*h - 5 - s*h**2. Give u(4).
-9
Let o(x) = -x**3 + 2*x**2 + x - 6. Let k(r) = r**3 + 14*r**2 + 3*r + 35. Let m be k(-14). Let w be (140/(-90))/m - (-4)/(-18). Determine o(w).
-6
Let l = 361 + -359. Suppose -l*q + 11 = -n, -6*q + 6 = -4*q. Let x(m) = m**3 + 6*m**2 + 5*m - 6. Determine x(n).
-6
Suppose 3 + 13 = 4*r. Suppose -2*i - 9*u = -6*u - 14, -r*i + 44 = 2*u. Let o(s) = -s**2 - i - 13 + 38 - s - 11 - 10*s**3. What is o(1)?
-11
Let a(i) = -53*i - 9. Let d(v) = 11*v + 2. Let p(g) = -2*a(g) - 11*d(g). Let t(r) = -10*r - 3. Let x(j) = -4*p(j) + 5*t(j). Give x(1).
11
Let y be 5 + 7/(35/(-15)). Let b(a) be the second derivative of -8*a**3/3 + 3*a**2/2 + 41*a. Determine b(y).
-29
Let w(v) be the third derivative of v**6/120 - v**5/4 + v**4/12 - 13*v**3/3 + 2*v**2 - 195*v + 1. What is w(15)?
4
Let s(q) = q**2 - 12*q + 6. Let g(b) = -12*b**2 - 13*b - 11. Let n(x) = 7*x**2 + 7*x + 6. Let k(y) = 4*g(y) + 7*n(y). Let v be k(-2). Calculate s(v).
-26
Let c = 6490 - 6498. Let w(b) = b**3 + 10*b**2 + 15*b - 11. Give w(c).
-3
Let h(g) = 115*g - 2987. Let a be h(26). Let y(z) = -8*z - 6. What is y(a)?
-30
Let l = 227 - 220. Let u(o) = 2*o**3 - 22*o**2 - 29*o + 21. Let q(d) = d**3 - 12*d**2 - 16*d + 11. Let h(k) = 5*q(k) - 3*u(k). What is h(l)?
-8
Let u(w) be the first derivative of w**3/3 - 3*w**2 + 7*w - 96. Calculate u(4).
-1
Suppose 0 = -0*w - 4*w + 16, 2*w - 32 = -3*u. Let c(j) = 17*j**2 - 3*j - 7. Let i(n) = -13*n**2 + 4*n + 5. Let a(l) = -3*c(l) - 4*i(l). Determine a(u).
9
Let o(t) = -t**3 + 3*t**2 + 2*t - 3. Let f be o(2). Suppose 5*g + f*q = 15, 4*g + 3*q - 33 = 6*q. Let n(c) = c**3 - 6*c**2 - c + 4. Give n(g).
-2
Let n(r) be the third derivative of 0 - 7/6*r**3 + 0*r - 39*r**2 - 1/6*r**4. Determine n(-4).
9
Let q = 5591 - 5586. Let g(y) = -y**3 + 4*y**2 + 2*y - 3. Determine g(q).
-18
Let h(i) = 16*i - 1. Let g(j) = 65 - 10*j - 9*j + 24*j - 2*j. Let p be g(-22). What is h(p)?
-17
Suppose 0 = 21*g + 59 + 67. Let j be g*12/18 + 7. Let k(r) = -3*r - 5 - r**3 + 3*r**2 + 3 - 1. What is k(j)?
-12
Suppose 0 = 5*n + 5*j - 40, -n = 4*n + j - 40. Let l(z) = -16 + 8 + 3*z + n. Determine l(2).
6
Suppose 167*r - 3*r + 1968 = 0. Let p(s) = s**3 + 13*s**2 + 12*s - 6. Give p(r).
-6
Suppose -2*j - 2*g = -8, -5*j - 3 = -4*g - 5. Let k(x) = 0*x - 6*x + j*x + 3*x - 1. Calculate k(-4).
3
Let r(h) be the second derivative of h**3/6 + h**2/2 - 48862*h. Let k be (-2 + 4 + -8)/(-2). Give r(k).
4
Let d(y) = -y**2 + 4*y - 11. Let k(s) = s**2 - 3*s + 10. Let t(c) = -2*d(c) - 3*k(c). Suppose 3*l - 15 = -2*u, 6*u - 10 = 3*u - 2*l. Calculate t(u).
-8
Let k be (-294)/(-72) + -4 + -1 - (-3)/3. Let t(v) be the second derivative of 3/2*v**2 + k*v**4 + 4/3*v**3 + 11*v + 0. Calculate t(-7).
-4
Let d be (1 + 3/(-6) + 165/6)/2. Let i(f) = f**2 - 15*f - 21. Give i(d).
-35
Let u(t) be the second derivative of -2*t**5/5 + 918*t - 5. Suppose -2*r = 4*j - 5 - 11, -3*j + 15 = 3*r. Suppose -3*i - r = -5*i. Give u(i).
-8
Let r(l) = -8*l + 86. Let a be ((-132)/(-20))/(6/10). Calculate r(a).
-2
Let z = -35137 + 35141. Let a(v) be the second derivative of 1/12*v**z + 0 + 34*v - 1/2*v**2 + 4/3*v**3. What is a(-6)?
-13
Let b(q) = 4*q**3 - 5*q**2 - 3*q - 5. Let c(y) = -3*y**3 + 4*y**2 + 3*y + 4. Let v(n) = 2*b(n) + 3*c(n). Let g = -499 + 502. What is v(g)?
2
Let b(v) = 17*v + 3 + 54*v - 73*v. Suppose 5*n = 6*n - 8. Let o = n - 11. Give b(o).
9
Let d(b) = -b**2 - 492 + 1307 - 442 - 30*b - 458. Calculate d(-27).
-4
Let g(x) be the second derivative of -x**5/20 + 3*x**4/4 - 4*x**3/3 + 2*x**2 + 13*x. Let q(r) = -r**3 - 3*r**2 + 37*r - 16. Let i be q(-8). What is g(i)?
4
Let u(v) = v**3 + 30*v**2 - 65*v - 36. Suppose -85 = 2*r + 3*n, -916*r + 103 = -919*r - n. Calculate u(r).
-4
Let l = -2870 + 2875. Let n(m) = -12*m + 62. Determine n(l).
2
Let j = 4886 - 4906. Let a(v) = -v**3 - 21*v**2 - 19*v + 12.